t b be o(-9). Let q be 14/8 + (-1)/b. What is the units digit of 0 + -1 - (-10 + q)?
7
Let c(b) = -b**2 - 9*b - 5. Let f be c(-6). Let t(a) = -a**2 + 14*a - 14. Let o be t(10). Let d = o - f. What is the units digit of d?
3
Let z = 2 - 0. Suppose -4*f + 35 + 29 = 5*n, -3*f + 20 = z*n. What is the units digit of n?
6
Let b be 13 + (1 - 2) + -1. Let n = 1 + 9. Suppose 3*w = n + b. What is the units digit of w?
7
Let d(g) = -g + 6. Let y be d(4). Suppose -2*o = -4 - y. Suppose 0 = 3*c - 30 + o. What is the units digit of c?
9
Suppose t + 430 = 4*t + j, 5*t - 4*j - 745 = 0. What is the units digit of t?
5
Let c(q) = -q. Let d be c(-3). Suppose -4 = -f - 5*k - 6, -5*k + 4 = d*f. What is the units digit of f?
3
What is the units digit of ((-466)/12)/(14/(-84))?
3
Suppose -4*c - 1160 = -3*n - n, 274 = n - 5*c. What is the tens digit of n?
9
Let h(o) = -o**2 - 11*o + 4. Suppose 0 = g - 2*z + 12, -6*g + 5*z - 34 = -3*g. What is the tens digit of h(g)?
2
Let b = 126 - 87. What is the units digit of b?
9
Suppose 152 - 52 = 4*q. What is the units digit of q?
5
Suppose -16*y - 309 = -3445. What is the tens digit of y?
9
What is the units digit of 2/(-8) - (-680)/32?
1
Suppose -p - 12 = -3*v, -4*v + 9 + 7 = -5*p. Suppose p = -k - 4*k + 70. Suppose -5*o + k = -11. What is the units digit of o?
5
Let p(r) = -r**3 + 7*r**2 - 7*r + 9. Let q be p(6). Let g(c) = c + 3*c**3 - 7 - 10*c**2 - c**q - c**3. What is the units digit of g(10)?
3
Let z = -7 - -15. What is the units digit of z?
8
Let v(j) = -1 + 1 + j - 1 + 6. Let a be v(-6). What is the units digit of (2/3)/(a/(-3))?
2
Suppose 0 = -4*k + 9 + 3. What is the units digit of 93/15 - k/15?
6
Suppose -5*u - 10 = 5*i, -u - 1 = 4*i + 13. Suppose -y - u*y = -15. Suppose 0*q - q = -y. What is the units digit of q?
5
Let c = 451 - 198. What is the tens digit of c?
5
Let u(w) = w**3 + 8*w**2 + 9*w - 4. What is the tens digit of u(-5)?
2
Suppose -5*n + 11 + 9 = 0, -5*o + 5*n - 10 = 0. Let t(p) = 3*p**3 - p**2 - 3*p + 2. What is the tens digit of t(o)?
1
Let f(h) = -13*h. What is the tens digit of f(-6)?
7
Suppose 4*q - 66 = 62. What is the tens digit of q?
3
Let s be ((-2)/(-4))/(8/816). Suppose 4*b - s = 9. What is the tens digit of b*2/20*8?
1
Suppose 3*o = 98 - 8. What is the units digit of o?
0
Let v = 1 + 2. What is the units digit of v?
3
Let n = 1 + 2. Let h = n + 0. Suppose 2*f + h*z = 6 + 14, 3*z = 4*f - 22. What is the units digit of f?
7
Let p(w) = w**2 - 9*w + 10. Let j be p(8). Let k be 26*(j + -3)/(-2). Suppose -2*o + 3*i + k = 0, -o - 4*o - 4*i = -21. What is the units digit of o?
5
Suppose -2*y + 56 = 2*i, 0 = -3*y + 4*i + 136 - 24. What is the tens digit of y?
3
Let j be (5/(10/(-8)))/(-1). Suppose -2*t = -24 + j. What is the tens digit of t?
1
Let h(j) = j**3 + 3*j**2 + 2*j + 1. Let b be h(-2). Let z = b - -5. Let r = 5 + z. What is the tens digit of r?
1
Let g(r) be the first derivative of r**4 - 2*r**3/3 + r**2/2 - r + 1. What is the tens digit of g(2)?
2
Suppose -2*i - 241 - 17 = -f, 2*i - 8 = 0. What is the tens digit of f?
6
Suppose 22 - 8 = m. Let u = 21 - m. What is the units digit of u?
7
Let c = -24 + 48. What is the tens digit of c?
2
Let j(f) = -f**2 + 12*f + 1. Suppose 22 = -0*v + 2*v. What is the units digit of j(v)?
2
Suppose -3*h + 2*h = -3*a - 119, -2*h + 3*a = -226. What is the hundreds digit of h?
1
Let b = -10 - -10. Suppose -4*v + v + 162 = b. What is the tens digit of v?
5
Let i(q) = 3*q**2 - q. Let v be i(-1). Suppose -v*x = x - 25, -x = -4*l - 41. Let j = 19 + l. What is the units digit of j?
0
Let y(m) = -m**2 - 10*m + 8. Let a(o) = 10*o**3 + o**2 + 2*o + 1. Let t be a(-1). What is the units digit of y(t)?
8
Let p(i) = i**2 + i**2 - i**2 - 13*i - 11. What is the units digit of p(14)?
3
Let c = 3 + -3. Suppose c = -3*h - h + 40. What is the units digit of h?
0
Let b be (-20)/(-4) - (-2)/1. Suppose -v - 4*x - 3 = 0, -3*v - 5*x = -x - b. What is the units digit of v?
5
Let s = -79 - -128. What is the units digit of s?
9
Suppose 5*w - 19 = k, 5*k = -3*w + 36 + 9. Suppose 4 = -2*t + k*t. What is the units digit of (-1 + -1)*-1 - t?
1
Let m be 34/(-6) + 2/3. Let n = m - -9. What is the units digit of n?
4
Suppose 0*o - o - 2*k - 5 = 0, 23 = o - 5*k. Suppose 0 = -o*n - n + 92. What is the units digit of n?
3
Let u = 15 - 21. Let t(c) = -2*c. What is the units digit of t(u)?
2
What is the tens digit of 46/(-3)*108/(-24)?
6
Suppose 3*a + 7*y - 4*y = 264, -2*a + 184 = -2*y. What is the tens digit of a?
9
Let g be 19/4 + 2/8. Suppose 0 = u + 3*u - 8. Suppose 0 = 4*p - 3*t - 0*t - 33, u*p + g*t = 23. What is the units digit of p?
9
Let m = 3 - 7. Let h = 6 + m. Suppose d = -2*b - h*d + 18, d = 0. What is the units digit of b?
9
Let g = 18 + 24. Suppose 2*c + 3*y = 26, 0 = -4*c + 5*y + g - 12. What is the tens digit of c?
1
Suppose -5*t = 5, -3*r - 23 = -2*r - 5*t. Let k = r - 22. What is the units digit of -35*(-5)/(k/(-4))?
4
Suppose 15 = -0*k + 5*k. What is the units digit of k?
3
Let z be (-1 + 3)/(6/(-27)). Let g = 18 + z. What is the units digit of g?
9
What is the units digit of 1086/12 + (-3)/(-2)?
2
Let f(m) = 3*m - 4. Let o be f(3). Suppose o*i - 10 = 0, 0*u + 5*i = 4*u - 10. What is the units digit of u?
5
Suppose -272 + 5 = -3*s. What is the tens digit of s?
8
Let b = 170 + -99. What is the units digit of b?
1
Suppose 2*m - 342 = -2*j, 2*m + 5*j = m + 171. What is the units digit of m?
1
Let v(l) = 2*l**2 + 2*l + 4. Let o be v(-3). Let i be ((-6)/(-8))/(2/o). Suppose -i = -m - m. What is the units digit of m?
3
Let b(r) = 56*r - 8. What is the tens digit of b(4)?
1
Let t be (-10)/(-25)*(-1 + -34). Let f = 20 + t. What is the units digit of f?
6
Suppose 0 = 5*o - 3*x - 172, -6*o - 2*x + 37 = -5*o. What is the units digit of (50/o)/(1/7)?
0
Let l be 48/18 - 4/6. Suppose -q + 3*r = -4, -l*q - 4*r - 1 = q. What is the units digit of q?
1
Let b(s) = s**2 - 7*s + 8. Let q(r) = r**3 - 7*r**2 + 2*r + 4. Let k be q(7). Suppose 4*t - 2*j - 10 = 14, 3*t + j = k. What is the units digit of b(t)?
2
Let p(j) = 13*j**3 - 3*j**2 + 2*j + 1. Let x be p(2). Suppose -91 - x = -4*y. What is the units digit of y?
7
Let o(v) = v**2 - 9. What is the units digit of o(4)?
7
Let x = 2 - 8. Let z(r) = 2*r**2 + 9*r + 2. Let v be z(x). Let l = v - 13. What is the units digit of l?
7
Let w(s) be the first derivative of s**3/3 + s**2 + 2*s + 1. Let r be w(-3). Let x = r + 1. What is the units digit of x?
6
Let n = 90 - 40. What is the units digit of n?
0
Let c(a) = a**3 + 5*a**2 + 3*a + 4. Let g(r) = -r - r + 3 - 2 + 1. Let m be g(3). What is the units digit of c(m)?
8
Suppose -5*v - 16 = -51. What is the units digit of v?
7
Let k be -1 + (3 - (-1)/(-1)). Suppose -4*m = 12, l + 0*m + 3*m = -k. What is the units digit of l?
8
Let g(b) = 14*b. What is the units digit of g(3)?
2
Suppose -5*b + 8*b - 24 = 0. What is the units digit of b?
8
Suppose -21 = -h + 1. What is the units digit of h?
2
Let r = 13 - 11. Suppose 13 - 4 = 2*v - a, -r*a = 3*v - 10. Suppose 10 = v*i - 74. What is the tens digit of i?
2
Let w be 3 + (-1)/2*0. Suppose -2*h = -0*h - 8, 3 = w*k - 3*h. What is the units digit of k?
5
Let b(f) = f**3 - 8*f**2 + 3*f + 5. What is the units digit of b(8)?
9
Let u = 3 - -8. Let t = 6 - u. Let w = -4 - t. What is the units digit of w?
1
What is the tens digit of (-2)/(-7) - 1013/(-7)?
4
Let l(n) = -n**3 - n**2 + 2*n + 3. Let o be l(-3). What is the units digit of (-284)/(-10) - 6/o?
8
Let d(i) = 6*i**3 - i**2 + 2*i - 1. Let o be d(1). Let f(q) = q**3 - 7*q**2 + 10*q - 8. What is the tens digit of f(o)?
1
Let n = -72 - -120. Suppose h + n = 5*h + 3*l, 3*h + 5*l - 47 = 0. What is the units digit of h?
9
Let f(d) = 5*d**2 + 1. Suppose 4*h = -0*h + 20. Suppose 6 - 1 = h*r. What is the units digit of f(r)?
6
Let b = -8 + 23. What is the units digit of b?
5
Let j be -1 - (1 - (-4)/(-2)). What is the units digit of 8 + 1 - (j + 2)?
7
Let v = 11 + -10. What is the units digit of (-4 - -3)*v*-7?
7
Suppose 2*c + 1 = 3. Let m be 0/(c - 9/3). Suppose -4*y - 3*z + 21 = 0, m = 5*y - 2*y - 4*z + 3. What is the units digit of y?
3
Let g(j) = 4*j**3 + 2*j**2 - j + 2. Let r be g(2). Let d = r + -29. What is the units digit of d?
1
Let k = 13 + -19. Let n(r) = 2*r**2 + 6*r - 1. Let h be n(k). What is the units digit of 